 71
List the prime factors of 15238.
2, 19, 401
What are the prime factors of 8087?
8087
List the prime factors of 854.
2, 7, 61
List the prime factors of 5851.
5851
List the prime factors of 50807.
23, 47
List the prime factors of 172579.
11, 29, 541
What are the prime factors of 184642?
2, 19, 43, 113
List the prime factors of 111665.
5, 23, 971
What are the prime factors of 3795?
3, 5, 11, 23
What are the prime factors of 2908?
2, 727
What are the prime factors of 10093?
10093
What are the prime factors of 14950?
2, 5, 13, 23
List the prime factors of 59246.
2, 11, 2693
List the prime factors of 18865.
5, 7, 11
List the prime factors of 7578.
2, 3, 421
What are the prime factors of 829?
829
List the prime factors of 1092.
2, 3, 7, 13
List the prime factors of 3780.
2, 3, 5, 7
What are the prime factors of 960?
2, 3, 5
List the prime factors of 3077.
17, 181
What are the prime factors of 1751?
17, 103
List the prime factors of 30137.
30137
What are the prime factors of 79?
79
What are the prime factors of 13949?
13, 29, 37
List the prime factors of 2113.
2113
What are the prime factors of 40008?
2, 3, 1667
List the prime factors of 1954.
2, 977
What are the prime factors of 6757?
29, 233
What are the prime factors of 2293?
2293
List the prime factors of 16190.
2, 5, 1619
List the prime factors of 785.
5, 157
What are the prime factors of 1027?
13, 79
List the prime factors of 13394.
2, 37, 181
What are the prime factors of 1117?
1117
What are the prime factors of 1233?
3, 137
What are the prime factors of 2498?
2, 1249
List the prime factors of 3.
3
List the prime factors of 504.
2, 3, 7
List the prime factors of 244.
2, 61
List the prime factors of 1035.
3, 5, 23
What are the prime factors of 7509?
3, 2503
List the prime factors of 3661.
7, 523
What are the prime factors of 1868?
2, 467
List the prime factors of 44787.
3, 14929
List the prime factors of 561.
3, 11, 17
What are the prime factors of 72914?
2, 36457
What are the prime factors of 6019?
13, 463
List the prime factors of 6426.
2, 3, 7, 17
What are the prime factors of 11772?
2, 3, 109
What are the prime factors of 34811?
7, 4973
What are the prime factors of 423?
3, 47
What are the prime factors of 8767?
11, 797
What are the prime factors of 848?
2, 53
List the prime factors of 1465.
5, 293
What are the prime factors of 1013?
1013
What are the prime factors of 1950?
2, 3, 5, 13
List the prime factors of 1155.
3, 5, 7, 11
What are the prime factors of 118?
2, 59
List the prime factors of 78451.
19, 4129
What are the prime factors of 37678?
2, 18839
What are the prime factors of 180886?
2, 149, 607
List the prime factors of 1148.
2, 7, 41
What are the prime factors of 2118?
2, 3, 353
List the prime factors of 2246.
2, 1123
List the prime factors of 1395.
3, 5, 31
List the prime factors of 2251.
2251
What are the prime factors of 2044?
2, 7, 73
List the prime factors of 2578.
2, 1289
What are the prime factors of 740?
2, 5, 37
List the prime factors of 362.
2, 181
List the prime factors of 21947.
17, 1291
List the prime factors of 42518.
2, 7, 3037
List the prime factors of 2588.
2, 647
List the prime factors of 626.
2, 313
List the prime factors of 100494.
2, 3, 1861
What are the prime factors of 10936?
2, 1367
What are the prime factors of 64445?
5, 12889
List the prime factors of 16651.
16651
List the prime factors of 54860.
2, 5, 13, 211
What are the prime factors of 13220?
2, 5, 661
List the prime factors of 3470.
2, 5, 347
What are the prime factors of 3455?
5, 691
List the prime factors of 11969.
11969
What are the prime factors of 890?
2, 5, 89
List the prime factors of 1361.
1361
List the prime factors of 19114.
2, 19, 503
List the prime factors of 348.
2, 3, 29
List the prime factors of 32409.
3, 13, 277
What are the prime factors of 1559?
1559
List the prime factors of 1071.
3, 7, 17
List the prime factors of 7347.
3, 31, 79
List the prime factors of 64.
2
What are the prime factors of 11764?
2, 17, 173
List the prime factors of 2018.
2, 1009
What are the prime factors of 2950?
2, 5, 59
What are the prime factors of 17949?
3, 31, 193
What are the prime factors of 1132?
2, 283
What are the prime factors of 1995?
3, 5, 7, 19
List the prime factors of 1170.
2, 3, 5, 13
List the prime factors of 384.
2, 3
List the prime factors of 154196.
2, 7, 5507
What are the prime factors of 1644?
2, 3, 137
List the prime factors of 98430.
2, 3, 5, 17, 193
List the prime factors of 1952.
2, 61
List the prime factors of 2526.
2, 3, 421
What are the prime factors of 10075?
5, 13, 31
List the prime factors of 102181.
102181
List the prime factors of 1340.
2, 5, 67
List the prime factors of 13196.
2, 3299
List the prime factors of 3245.
5, 11, 59
What are the prime factors of 55733?
55733
List the prime factors of 7339.
41, 179
List the prime factors of 1681.
41
List the prime factors of 1704.
2, 3, 71
What are the prime factors of 1031?
1031
List the prime factors of 62989.
62989
What are the prime factors of 2245?
5, 449
List the prime factors of 13677.
3, 47, 97
What are the prime factors of 169580?
2, 5, 61, 139
List the prime factors of 1729.
7, 13, 19
List the prime factors of 14.
2, 7
What are the prime factors of 2359?
7, 337
List the prime factors of 3378.
2, 3, 563
List the prime factors of 1148.
2, 7, 41
What are the prime factors of 130?
2, 5, 13
What are the prime factors of 102?
2, 3, 17
List the prime factors of 7263.
3, 269
List the prime factors of 48487.
48487
List the prime factors of 8393.
7, 11, 109
What are the prime factors of 108044?
2, 27011
What are the prime factors of 16631?
16631
List the prime factors of 3053.
43, 71
What are the prime factors of 3076?
2, 769
What are the prime factors of 793?
13, 61
What are the prime factors of 3664?
2, 229
What are the prime factors of 1254?
2, 3, 11, 19
What are the prime factors of 356?
2, 89
List the prime factors of 2820.
2, 3, 5, 47
What are the prime factors of 18054?
2, 3, 17, 59
List the prime factors of 669.
3, 223
What are the prime factors of 1174?
2, 587
List the prime factors of 13005.
3, 5, 17
What are the prime factors of 439?
439
What are the prime factors of 1157?
13, 89
What are the prime factors of 1785?
3, 5, 7, 17
What are the prime factors of 1116?
2, 3, 31
What are the prime factors of 501?
3, 167
List the prime factors of 3500.
2, 5, 7
List the prime factors of 15553.
103, 151
List the prime factors of 2401.
7
List the prime factors of 877.
877
List the prime factors of 609.
3, 7, 29
List the prime factors of 37112.
2, 4639
List the prime factors of 7225.
5, 17
List the prime factors of 14566.
2, 7283
What are the prime factors of 46856?
2, 5857
What are the prime factors of 16406?
2, 13, 631
List the prime factors of 17984.
2, 281
List the prime factors of 103134.
2, 3, 17189
What are the prime factors of 920?
2, 5, 23
List the prime factors of 2573.
31, 83
List the prime factors of 520.
2, 5, 13
What are the prime factors of 10828?
2, 2707
List the prime factors of 466.
2, 233
What are the prime factors of 1066?
2, 13, 41
What are the prime factors of 926?
2, 463
What are the prime factors of 7230?
2, 3, 5, 241
What are the prime factors of 1276?
2, 11, 29
What are the prime factors of 1890?
2, 3, 5, 7
List the prime factors of 1141.
7, 163
What are the prime factors of 23889?
3, 7963
List the prime factors of 2287.
2287
List the prime factors of 39745.
5, 7949
What are the prime factors of 554?
2, 277
List the prime factors of 1057.
7, 151
List the prime factors of 1779.
3, 593
List the prime factors of 766.
2, 383
List the prime factors of 3103.
29, 107
List the prime factors of 1555.
5, 311
List the prime factors of 3770.
2, 5, 13, 29
What are the prime factors of 1112?
2, 139
List the prime factors of 98520.
2, 3, 5, 821
What are the prime factors of 4799?
4799
List the prime factors of 1650.
2, 3, 5, 11
List the prime factors of 10150.
2, 5, 7, 29
What are the prime factors of 6694?
2, 3347
List the prime factors of 5928.
2, 3, 13, 19
List the prime factors of 85187.
17, 5011
What are the prime factors of 2174?
2, 1087
What are the prime factors of 855?
3, 5, 19
What are the prime factors of 55445?
5, 13, 853
List the prime factors of 114611.
7, 2339
What are the prime factors of 10336?
2, 1